{"id":9,"date":"2009-03-07T01:53:50","date_gmt":"2009-03-07T00:53:50","guid":{"rendered":"http:\/\/ac-feldatal.de\/?page_id=9"},"modified":"2022-03-23T09:14:35","modified_gmt":"2022-03-23T08:14:35","slug":"gaste","status":"publish","type":"page","link":"http:\/\/ac-feldatal.de\/?page_id=9","title":{"rendered":"ANGELN"},"content":{"rendered":"<p><!-- ddlsp --><\/p>\n<p>Hier finden Sie alles Wissenswerte, wenn Sie bei uns angeln wollen.<\/p>\n<p><strong>Wir geben keine Gastkarten \/ Angelkarten aus.&nbsp;<\/strong><\/p>\n<p>Sie wollen bei uns&nbsp;<strong>Mitglied werden?<br \/>\n<\/strong>Dann steht Ihnen das Angeln an unseren Gew\u00e4ssern offen.<\/p>\n<p>Was sie jetzt noch ben\u00f6tigen, sind 3 Dinge:<\/p>\n<ol>\n<li><span style=\"text-decoration: underline;\">Erfolgreich abgelegte staatliche Fischerpr\u00fcfung<\/span><br \/>\nNicht so wild, wie es klingt, auch wenn man mal wieder die Schulbank dr\u00fccken muss!<br \/>\nSie m\u00fcssen einen Lehrgang besuchen, der in der Regel ca. 4 Wochenenden in Anspruch nimmt und anschlie\u00dfend nach ein wenig pauken die Pr\u00fcfung absolvieren (theoretische Pr\u00fcfung mithilfe eines Multiple-Choice-Fragebogens)<br \/>\nAlle n\u00f6tigen Informationen hierzu und auch aktuelle Termine zu Lehrg\u00e4ngen und Pr\u00fcfterminen finden Sie auf der Seite des Verband Hessischer Fischer e.V.<br \/>\n<a href=\"https:\/\/hessenfischer.net\/angelschein\/\" target=\"_blank\" rel=\"noopener\">https:\/\/hessenfischer.net\/angelschein<\/a>&nbsp;(externer Link).<\/li>\n<li><span style=\"text-decoration: underline;\">Fischereischein<br \/>\n<\/span>Diesen bekommen Sie gegen Vorlage des Pr\u00fcfungszeugnisses bei Ihrer Gemeinde<\/li>\n<li><u>Einen<\/u>&nbsp;<span style=\"text-decoration: underline;\">Mitgliedsausweis<\/span> unseres Vereins<br \/>\nDas gibt es nat\u00fcrlich bei uns!<\/li>\n<\/ol>\n<p>Lust? Dann kontaktieren Sie uns! Bei breitem Interesse kann ggf. auch ein Lehrgang in der Region angeboten werden.<\/p>\n","protected":false},"excerpt":{"rendered":"<p>Hier finden Sie alles Wissenswerte, wenn Sie bei uns angeln wollen. Wir geben keine Gastkarten \/ Angelkarten aus.&nbsp; Sie wollen bei uns&nbsp;Mitglied werden? Dann steht Ihnen das Angeln an unseren Gew\u00e4ssern offen. Was sie jetzt noch ben\u00f6tigen, sind 3 Dinge: Erfolgreich abgelegte staatliche Fischerpr\u00fcfung Nicht so wild, wie es klingt, auch wenn man mal wieder &hellip; <a href=\"http:\/\/ac-feldatal.de\/?page_id=9\" class=\"more-link\"><span class=\"screen-reader-text\">ANGELN<\/span> weiterlesen <span class=\"meta-nav\">&rarr;<\/span><\/a><\/p>\n","protected":false},"author":1,"featured_media":0,"parent":0,"menu_order":2,"comment_status":"closed","ping_status":"closed","template":"","meta":{"_monsterinsights_skip_tracking":false,"_monsterinsights_sitenote_active":false,"_monsterinsights_sitenote_note":"","_monsterinsights_sitenote_category":0,"ngg_post_thumbnail":0,"footnotes":""},"aioseo_notices":[],"_links":{"self":[{"href":"http:\/\/ac-feldatal.de\/index.php?rest_route=\/wp\/v2\/pages\/9"}],"collection":[{"href":"http:\/\/ac-feldatal.de\/index.php?rest_route=\/wp\/v2\/pages"}],"about":[{"href":"http:\/\/ac-feldatal.de\/index.php?rest_route=\/wp\/v2\/types\/page"}],"author":[{"embeddable":true,"href":"http:\/\/ac-feldatal.de\/index.php?rest_route=\/wp\/v2\/users\/1"}],"replies":[{"embeddable":true,"href":"http:\/\/ac-feldatal.de\/index.php?rest_route=%2Fwp%2Fv2%2Fcomments&post=9"}],"version-history":[{"count":2,"href":"http:\/\/ac-feldatal.de\/index.php?rest_route=\/wp\/v2\/pages\/9\/revisions"}],"predecessor-version":[{"id":1731,"href":"http:\/\/ac-feldatal.de\/index.php?rest_route=\/wp\/v2\/pages\/9\/revisions\/1731"}],"wp:attachment":[{"href":"http:\/\/ac-feldatal.de\/index.php?rest_route=%2Fwp%2Fv2%2Fmedia&parent=9"}],"curies":[{"name":"wp","href":"https:\/\/api.w.org\/{rel}","templated":true}]}}