{"id":420,"date":"2010-03-09T23:55:22","date_gmt":"2010-03-09T22:55:22","guid":{"rendered":"http:\/\/ac-feldatal.de\/?page_id=420"},"modified":"2017-01-31T22:22:38","modified_gmt":"2017-01-31T21:22:38","slug":"jugendgruppe","status":"publish","type":"page","link":"http:\/\/ac-feldatal.de\/?page_id=420","title":{"rendered":"Jugendgruppe"},"content":{"rendered":"<p><img loading=\"lazy\" decoding=\"async\" class=\"aligncenter size-full wp-image-424\" title=\"Jugend\" src=\"http:\/\/ac-feldatal.de\/wp-content\/uploads\/2010\/03\/Jugend1.jpg\" alt=\"Jugend\" width=\"670\" height=\"167\" srcset=\"http:\/\/ac-feldatal.de\/wp-content\/uploads\/2010\/03\/Jugend1.jpg 670w, http:\/\/ac-feldatal.de\/wp-content\/uploads\/2010\/03\/Jugend1-300x74.jpg 300w\" sizes=\"(max-width: 670px) 100vw, 670px\" \/><\/p>\n<p><span style=\"text-decoration: underline;\">Gemeinsam Angeln<\/span><\/p>\n<p>Bitte denkt daran, dass&nbsp;Ihr als Inhaber des Jugendfischereischeins nur mit&nbsp;Begleitung&nbsp; also z.B. gemeinsam mit Toci, Dennis, Andreas, Manfred, &#8230; angeln d\u00fcrft.<\/p>\n<p>Angeltermine? Schaut bei den Terminen und Beitr\u00e4ge oder aber am einfachsten fragt Ihr, wenn Ihr Angeln m\u00f6chtet, direkt bei den Jugendwarten Dennis oder Andreas nach.<\/p>\n<p><span style=\"text-decoration: underline;\">Veranstaltungen<\/span><\/p>\n<p>\u00dcber Veranstaltungen, die f\u00fcr Euch interessant sind, ob im Feldatal oder in der Umgebung, k\u00f6nnt Ihr die Beiden auch fragen. Ihr findet die Termine dann aber auch im allgemeinen Terminkalender.<\/p>\n","protected":false},"excerpt":{"rendered":"<p>Gemeinsam Angeln Bitte denkt daran, dass&nbsp;Ihr als Inhaber des Jugendfischereischeins nur mit&nbsp;Begleitung&nbsp; also z.B. gemeinsam mit Toci, Dennis, Andreas, Manfred, &#8230; angeln d\u00fcrft. Angeltermine? Schaut bei den Terminen und Beitr\u00e4ge oder aber am einfachsten fragt Ihr, wenn Ihr Angeln m\u00f6chtet, direkt bei den Jugendwarten Dennis oder Andreas nach. Veranstaltungen \u00dcber Veranstaltungen, die f\u00fcr Euch interessant &hellip; <a href=\"http:\/\/ac-feldatal.de\/?page_id=420\" class=\"more-link\"><span class=\"screen-reader-text\">Jugendgruppe<\/span> weiterlesen <span class=\"meta-nav\">&rarr;<\/span><\/a><\/p>\n","protected":false},"author":1,"featured_media":0,"parent":2,"menu_order":2,"comment_status":"closed","ping_status":"closed","template":"","meta":{"_monsterinsights_skip_tracking":false,"_monsterinsights_sitenote_active":false,"_monsterinsights_sitenote_note":"","_monsterinsights_sitenote_category":0,"ngg_post_thumbnail":0,"footnotes":""},"aioseo_notices":[],"_links":{"self":[{"href":"http:\/\/ac-feldatal.de\/index.php?rest_route=\/wp\/v2\/pages\/420"}],"collection":[{"href":"http:\/\/ac-feldatal.de\/index.php?rest_route=\/wp\/v2\/pages"}],"about":[{"href":"http:\/\/ac-feldatal.de\/index.php?rest_route=\/wp\/v2\/types\/page"}],"author":[{"embeddable":true,"href":"http:\/\/ac-feldatal.de\/index.php?rest_route=\/wp\/v2\/users\/1"}],"replies":[{"embeddable":true,"href":"http:\/\/ac-feldatal.de\/index.php?rest_route=%2Fwp%2Fv2%2Fcomments&post=420"}],"version-history":[{"count":0,"href":"http:\/\/ac-feldatal.de\/index.php?rest_route=\/wp\/v2\/pages\/420\/revisions"}],"up":[{"embeddable":true,"href":"http:\/\/ac-feldatal.de\/index.php?rest_route=\/wp\/v2\/pages\/2"}],"wp:attachment":[{"href":"http:\/\/ac-feldatal.de\/index.php?rest_route=%2Fwp%2Fv2%2Fmedia&parent=420"}],"curies":[{"name":"wp","href":"https:\/\/api.w.org\/{rel}","templated":true}]}}

<p><img loading="lazy" decoding="async" class="aligncenter size-full wp-image-424" title="Jugend" src="http://ac-feldatal.de/wp-content/uploads/2010/03/Jugend1.jpg" alt="Jugend" width="670" height="167" srcset="http://ac-feldatal.de/wp-content/uploads/2010/03/Jugend1.jpg 670w, http://ac-feldatal.de/wp-content/uploads/2010/03/Jugend1-300x74.jpg 300w" sizes="(max-width: 670px) 100vw, 670px" /></p>
<p><span style="text-decoration: underline;">Gemeinsam Angeln</span></p>
<p>Bitte denkt daran, dass&nbsp;Ihr als Inhaber des Jugendfischereischeins nur mit&nbsp;Begleitung&nbsp; also z.B. gemeinsam mit Toci, Dennis, Andreas, Manfred, &#8230; angeln dürft.</p>
<p>Angeltermine? Schaut bei den Terminen und Beiträge oder aber am einfachsten fragt Ihr, wenn Ihr Angeln möchtet, direkt bei den Jugendwarten Dennis oder Andreas nach.</p>
<p><span style="text-decoration: underline;">Veranstaltungen</span></p>
<p>Über Veranstaltungen, die für Euch interessant sind, ob im Feldatal oder in der Umgebung, könnt Ihr die Beiden auch fragen. Ihr findet die Termine dann aber auch im allgemeinen Terminkalender.</p>

<p>Gemeinsam Angeln Bitte denkt daran, dass&nbsp;Ihr als Inhaber des Jugendfischereischeins nur mit&nbsp;Begleitung&nbsp; also z.B. gemeinsam mit Toci, Dennis, Andreas, Manfred, &#8230; angeln dürft. Angeltermine? Schaut bei den Terminen und Beiträge oder aber am einfachsten fragt Ihr, wenn Ihr Angeln möchtet, direkt bei den Jugendwarten Dennis oder Andreas nach. Veranstaltungen Über Veranstaltungen, die für Euch interessant &hellip; <a href="http://ac-feldatal.de/?page_id=420" class="more-link"><span class="screen-reader-text">Jugendgruppe</span> weiterlesen <span class="meta-nav">&rarr;</span></a></p>
