{"id":22,"date":"2009-03-07T02:02:09","date_gmt":"2009-03-07T01:02:09","guid":{"rendered":"http:\/\/ac-feldatal.de\/?page_id=22"},"modified":"2022-03-23T09:16:46","modified_gmt":"2022-03-23T08:16:46","slug":"mitglied-werden","status":"publish","type":"page","link":"http:\/\/ac-feldatal.de\/?page_id=22","title":{"rendered":"Mitglied werden"},"content":{"rendered":"<p>Sie m\u00f6chten gern an unseren Gew\u00e4ssern angeln. Dann werden Sie doch Mitglied in unserem Verein.<\/p>\n<p>Alles was Sie dazu ben\u00f6tigen finden sie hier: <a href=\"http:\/\/ac-feldatal.de\/wp-content\/uploads\/2011\/12\/mitgliedschaftsantrag.pdf\" target=\"_blank\" rel=\"noopener\">Der Mitgliedschaftsantrag<\/a><\/p>\n<p>Die Vereinssatzung finden Sie hier: <a href=\"http:\/\/ac-feldatal.de\/wp-content\/uploads\/2009\/03\/satzung.pdf\" target=\"_blank\" rel=\"noopener\">Satzung<\/a><\/p>\n<p>Am einfachsten, Sie senden uns kurz eine E-Mail an unseren&nbsp; <a href=\"mailto:post@ac-feldatal.de?subject=Mitglied%20werden\">1. Vorsitzenden<\/a>&nbsp;und wir setzen uns gern mit Ihnen in Verbindung.<\/p>\n","protected":false},"excerpt":{"rendered":"<p>Sie m\u00f6chten gern an unseren Gew\u00e4ssern angeln. Dann werden Sie doch Mitglied in unserem Verein. Alles was Sie dazu ben\u00f6tigen finden sie hier: Der Mitgliedschaftsantrag Die Vereinssatzung finden Sie hier: Satzung Am einfachsten, Sie senden uns kurz eine E-Mail an unseren&nbsp; 1. Vorsitzenden&nbsp;und wir setzen uns gern mit Ihnen in Verbindung.<\/p>\n","protected":false},"author":1,"featured_media":0,"parent":2,"menu_order":3,"comment_status":"closed","ping_status":"closed","template":"","meta":{"_monsterinsights_skip_tracking":false,"_monsterinsights_sitenote_active":false,"_monsterinsights_sitenote_note":"","_monsterinsights_sitenote_category":0,"ngg_post_thumbnail":0,"footnotes":""},"aioseo_notices":[],"_links":{"self":[{"href":"http:\/\/ac-feldatal.de\/index.php?rest_route=\/wp\/v2\/pages\/22"}],"collection":[{"href":"http:\/\/ac-feldatal.de\/index.php?rest_route=\/wp\/v2\/pages"}],"about":[{"href":"http:\/\/ac-feldatal.de\/index.php?rest_route=\/wp\/v2\/types\/page"}],"author":[{"embeddable":true,"href":"http:\/\/ac-feldatal.de\/index.php?rest_route=\/wp\/v2\/users\/1"}],"replies":[{"embeddable":true,"href":"http:\/\/ac-feldatal.de\/index.php?rest_route=%2Fwp%2Fv2%2Fcomments&post=22"}],"version-history":[{"count":1,"href":"http:\/\/ac-feldatal.de\/index.php?rest_route=\/wp\/v2\/pages\/22\/revisions"}],"predecessor-version":[{"id":1733,"href":"http:\/\/ac-feldatal.de\/index.php?rest_route=\/wp\/v2\/pages\/22\/revisions\/1733"}],"up":[{"embeddable":true,"href":"http:\/\/ac-feldatal.de\/index.php?rest_route=\/wp\/v2\/pages\/2"}],"wp:attachment":[{"href":"http:\/\/ac-feldatal.de\/index.php?rest_route=%2Fwp%2Fv2%2Fmedia&parent=22"}],"curies":[{"name":"wp","href":"https:\/\/api.w.org\/{rel}","templated":true}]}}