{"id":18,"date":"2009-03-07T02:00:39","date_gmt":"2009-03-07T01:00:39","guid":{"rendered":"http:\/\/ac-feldatal.de\/?page_id=18"},"modified":"2011-12-05T23:23:39","modified_gmt":"2011-12-05T22:23:39","slug":"unsere-gewasser","status":"publish","type":"page","link":"http:\/\/ac-feldatal.de\/?page_id=18","title":{"rendered":"Unsere Gew\u00e4sser"},"content":{"rendered":"<p>Unsere Gew\u00e4sser hier\u00a0 im \u00dcberblick:<\/p>\n<p>N\u00e4heres zu Angelstellen, Fischbest\u00e4nden, Angelzeiten und was man zu unseren Gew\u00e4ssern wissen muss, erf\u00e4hrt man im Gespr\u00e4ch mit unseren Mitgliedern. Besser ist jedoch immer die eigene Erfahrung; also: Mitglied werden!<\/p>\n<p><strong>Badeteich<\/strong><\/p>\n<p><strong><img loading=\"lazy\" decoding=\"async\" class=\"aligncenter size-full wp-image-234\" title=\"lb-badeteich1\" src=\"http:\/\/ac-feldatal.de\/wp-content\/uploads\/2009\/03\/lb-badeteich1.jpg\" alt=\"lb-badeteich1\" width=\"670\" height=\"167\" srcset=\"http:\/\/ac-feldatal.de\/wp-content\/uploads\/2009\/03\/lb-badeteich1.jpg 670w, http:\/\/ac-feldatal.de\/wp-content\/uploads\/2009\/03\/lb-badeteich1-300x74.jpg 300w\" sizes=\"(max-width: 670px) 100vw, 670px\" \/><\/strong><\/p>\n<p><strong> <\/strong><\/p>\n<p><strong>Dautzenr\u00f6der Teich<\/strong><\/p>\n<p><img loading=\"lazy\" decoding=\"async\" class=\"aligncenter size-full wp-image-235\" title=\"lb-dautzenrod\" src=\"http:\/\/ac-feldatal.de\/wp-content\/uploads\/2009\/03\/lb-dautzenrod.jpg\" alt=\"lb-dautzenrod\" width=\"670\" height=\"167\" srcset=\"http:\/\/ac-feldatal.de\/wp-content\/uploads\/2009\/03\/lb-dautzenrod.jpg 670w, http:\/\/ac-feldatal.de\/wp-content\/uploads\/2009\/03\/lb-dautzenrod-300x74.jpg 300w\" sizes=\"(max-width: 670px) 100vw, 670px\" \/><strong> <\/strong><\/p>\n<p><strong> <\/strong><\/p>\n<p><strong>Blaue Pf\u00fctze<\/strong><\/p>\n<p><img loading=\"lazy\" decoding=\"async\" class=\"aligncenter size-full wp-image-236\" title=\"lb-pfuetze\" src=\"http:\/\/ac-feldatal.de\/wp-content\/uploads\/2009\/03\/lb-pfuetze.jpg\" alt=\"lb-pfuetze\" width=\"670\" height=\"167\" srcset=\"http:\/\/ac-feldatal.de\/wp-content\/uploads\/2009\/03\/lb-pfuetze.jpg 670w, http:\/\/ac-feldatal.de\/wp-content\/uploads\/2009\/03\/lb-pfuetze-300x74.jpg 300w\" sizes=\"(max-width: 670px) 100vw, 670px\" \/><\/p>\n<p><strong><\/strong><\/p>\n<p><strong>Felda<\/strong><\/p>\n<p><img loading=\"lazy\" decoding=\"async\" class=\"aligncenter size-full wp-image-237\" title=\"lb-felda\" src=\"http:\/\/ac-feldatal.de\/wp-content\/uploads\/2009\/03\/lb-felda.jpg\" alt=\"lb-felda\" width=\"670\" height=\"167\" srcset=\"http:\/\/ac-feldatal.de\/wp-content\/uploads\/2009\/03\/lb-felda.jpg 670w, http:\/\/ac-feldatal.de\/wp-content\/uploads\/2009\/03\/lb-felda-300x74.jpg 300w\" sizes=\"(max-width: 670px) 100vw, 670px\" \/><\/p>\n","protected":false},"excerpt":{"rendered":"<p>Unsere Gew\u00e4sser hier\u00a0 im \u00dcberblick: N\u00e4heres zu Angelstellen, Fischbest\u00e4nden, Angelzeiten und was man zu unseren Gew\u00e4ssern wissen muss, erf\u00e4hrt man im Gespr\u00e4ch mit unseren Mitgliedern. Besser ist jedoch immer die eigene Erfahrung; also: Mitglied werden! Badeteich Dautzenr\u00f6der Teich Blaue Pf\u00fctze Felda<\/p>\n","protected":false},"author":1,"featured_media":0,"parent":9,"menu_order":3,"comment_status":"closed","ping_status":"closed","template":"","meta":{"_monsterinsights_skip_tracking":false,"_monsterinsights_sitenote_active":false,"_monsterinsights_sitenote_note":"","_monsterinsights_sitenote_category":0,"ngg_post_thumbnail":0,"footnotes":""},"aioseo_notices":[],"_links":{"self":[{"href":"http:\/\/ac-feldatal.de\/index.php?rest_route=\/wp\/v2\/pages\/18"}],"collection":[{"href":"http:\/\/ac-feldatal.de\/index.php?rest_route=\/wp\/v2\/pages"}],"about":[{"href":"http:\/\/ac-feldatal.de\/index.php?rest_route=\/wp\/v2\/types\/page"}],"author":[{"embeddable":true,"href":"http:\/\/ac-feldatal.de\/index.php?rest_route=\/wp\/v2\/users\/1"}],"replies":[{"embeddable":true,"href":"http:\/\/ac-feldatal.de\/index.php?rest_route=%2Fwp%2Fv2%2Fcomments&post=18"}],"version-history":[{"count":0,"href":"http:\/\/ac-feldatal.de\/index.php?rest_route=\/wp\/v2\/pages\/18\/revisions"}],"up":[{"embeddable":true,"href":"http:\/\/ac-feldatal.de\/index.php?rest_route=\/wp\/v2\/pages\/9"}],"wp:attachment":[{"href":"http:\/\/ac-feldatal.de\/index.php?rest_route=%2Fwp%2Fv2%2Fmedia&parent=18"}],"curies":[{"name":"wp","href":"https:\/\/api.w.org\/{rel}","templated":true}]}}